h). Calculate x(-3).
2
Let c = 8 + 5. Let l(f) = f - 18 + c - 6*f - f + 2*f + f**2. Give l(-2).
7
Suppose 3*n - 11 = v - 1, 0 = -2*n + 6. Let x be (-3 - (-21)/4)*(-4)/(-3). Let g(b) = -16 - 11*b + x + 6 + 8. Calculate g(v).
12
Let z(j) = 968*j**2 - j**3 - j**3 + j**3 + 2 - 23*j**3 - 970*j**2. Determine z(-1).
24
Let p(w) = 5706*w**2 + 4*w - 11421*w**2 + 5714*w**2 + 16. Calculate p(8).
-16
Suppose -2*q - 1 = -r - 8, 0 = 3*q + 4*r - 27. Let b(a) = -6*a**2 - q + 0*a**3 + 3*a**3 + 11*a - 2*a**3 - 3*a. Give b(5).
10
Let p = 12 + 7. Let r(g) = g**3 - 19*g**2 + 3*g - 58. Give r(p).
-1
Let h(s) = 2*s + 2. Suppose -576 = 61*b - 65*b. Let c = 236 - b. Let n = 99 - c. Determine h(n).
16
Let t(m) = 131*m + 8. Let b(c) = 319*c + 17. Let i(a) = 2*b(a) - 5*t(a). What is i(0)?
-6
Suppose 64*f = -166 - 922. Let m(x) = -32*x - 546. What is m(f)?
-2
Let h(m) = -m**2 + m - 20. Let g be (-2)/(-3)*(-54)/(-18). Suppose -4*r - 2 - 1 = -b, 15 = g*r + 5*b. What is h(r)?
-20
Let m = 10153 + -10150. Let x(a) = -10*a**2 - 4*a + 12. What is x(m)?
-90
Suppose -12*u + 140 = 56. Let f(b) = 3*b**2 + 12*b - 5. Let t(m) = -6 - 3*m + 4*m**2 + 7*m + 7*m + 2*m. Let n(j) = -5*f(j) + 4*t(j). Calculate n(u).
-6
Let r be (13/(-4))/((-6)/24). Suppose -23 - r = -3*f. Suppose -i - 5*w + 0*w = -f, 3*i = w + 4. Let j(b) = -b**2 + 4*b - 3. Calculate j(i).
1
Let b(u) be the third derivative of -1/10*u**5 + 0*u**3 + 0 + 0*u + 8*u**2 - 5/24*u**4 - 1/360*u**6. Let j(g) be the second derivative of b(g). Determine j(-8).
4
Suppose -2*h + 4*k - 22 = 0, -4*k + 9*k - 23 = -2*h. Let g(p) = -2*p + 4*p - p + 4*p - 1. Determine g(h).
-6
Suppose 0 = i - 7*k - 23 - 6, 0 = -i - k + 5. Let w(j) = -19*j + 5. What is w(i)?
-147
Let s(t) = 9*t**3 + 5*t**2 - 10*t + 56. Let n(w) = -w**3 - w**2 + w - 7. Let d(m) = -8*n(m) - s(m). Let q = -375 + 379. Determine d(q).
-8
Let m(g) = -g**2 - 2*g + 4. Let p(b) = b**3 - 33*b**2 - 70*b - 1. Let q be p(35). Let h(u) = -u + 2. Let z(d) = q*m(d) - 2*h(d). Give z(6).
52
Let w(k) be the first derivative of 15*k**2/2 - 16*k + 7010. Calculate w(1).
-1
Let m(d) = 4*d**2 - 4*d + 7. Let k(u) = 3*u**2 - u + 1. Let w(g) = 5*k(g) - m(g). What is w(1)?
8
Let k(a) = 1628*a + 1501*a + 1 - 3042*a. What is k(-1)?
-86
Let i(g) = g**3 + 9*g**2 - 10*g - 3. Let l be i(-10). Let z be ((-195)/l)/5 - 4. Let s(p) = 17*p - z*p + 3 - 7*p. Determine s(-2).
1
Suppose 15*o - 9*o = -24. Let f(w) = w**2 - 3*w - 4. Let l(b) = 2*b**2 - 7*b - 9. Let t(h) = o*l(h) + 9*f(h). Calculate t(-3).
6
Let q(s) = -1642*s + 1627*s + 583 - 495. Calculate q(6).
-2
Let w(s) = s**2 - 22*s + 101. Let i be w(16). Let p(m) = -375*m**2 + 2 + i*m + 374*m**2 + 0. Give p(5).
2
Suppose -16*n + 33 = 1. Let y(c) = 7*c**n - 3 - 25*c + 29*c + 5. Suppose -f - 2 = -0. Give y(f).
22
Let b(a) be the third derivative of -22*a**2 + 8/3*a**3 + 1/24*a**4 + 0*a + 0. Calculate b(11).
27
Suppose 9 = 3*x - j + 4*j, 4*j = 36. Let m(h) = 2*h**3 + 10*h**2 - 4*h + 3. What is m(x)?
-45
Let p(x) = -22*x + 4. Suppose 56*c + 15 = 51*c, 3*i - 5*c = 21. Give p(i).
-40
Let q(f) = 33*f - 188. Let j be q(6). Suppose 0 = -j*t + 8*t - 8. Let k(u) = -u**2 + u + 3. Calculate k(t).
-17
Suppose -216*z - 991 = 186 - 97. Let r(q) = -q**3 - 7*q**2 - 14*q - 11. Calculate r(z).
9
Let f(r) = 2*r**2 - 34*r + 19. Let c be f(17). Suppose 2*y = n - c, -4*n = -4*y - 9*n - 17. Let i(d) = d**2 + 10*d + 10. Calculate i(y).
-6
Let n be (-5)/((-10)/(-3)) + (-3)/(-2). Let q = 2 + n. Suppose -4*a = -6*a + q. Let j(d) = -5*d**2 + d. Calculate j(a).
-4
Let t be (1*(-9 - -6))/(1/2). Let p(s) = -s**3 - 8*s**2 - 12*s + 4. Let x be p(t). Let i(c) = 4*c - 1. Give i(x).
15
Let z = 82 + -62. Suppose 5*b + 8 = -f - 0, -5*f + 5*b + z = 0. Let c(h) = -f*h + 7 + 2*h - h**3 + 7*h**2 - 18*h + 9*h. Give c(6).
-11
Suppose 41 = -6*c + 77. Let v(m) = 2*m**2 + 1. Let w(k) = 11*k**2 + k + 5. Let f(p) = c*v(p) - w(p). What is f(2)?
3
Let n(s) = -46*s + 128*s + s**2 - 3 - 40*s - 38*s - 10. Calculate n(-5).
-8
Let f be (-1 - 2/(-6))/(2/(-30)). Let l(x) = -x + 10. Let t be l(f). Let s(n) = 2 + 3 - n**3 - 6 + n**2. Determine s(t).
-1
Let n(i) = -2*i**3 - 4*i**2 + i + 3. Let p(w) = 2*w**3 + 9*w**2 - 6*w - 43. Let h be p(-4). Determine n(h).
18
Let b(o) be the second derivative of -17*o + 0 + 2/3*o**3 + 0*o**2 - 1/6*o**4 - 1/20*o**5. Determine b(-3).
-3
Suppose 7 = 5*i - b - 7, 2*i - 10 = -4*b. Let r(w) = 5*w - 577 + 7*w - 564 + 1142. What is r(i)?
37
Let f(q) = -2*q**3 + 4*q. Let y(p) = -11*p**3 - 9*p**2 + 13*p + 16. Let b(d) = -5*f(d) + y(d). Determine b(-8).
8
Let v(x) = 9*x - 2. Let s(d) = -d**2 - 19*d + 5. Let f(j) = -2*s(j) - 5*v(j). Let z = 110 + -105. What is f(z)?
15
Let h(s) be the third derivative of s**6/120 - 5*s**5/12 + 7*s**4/4 + 67*s**3/6 - 14*s**2 - 3. What is h(23)?
-25
Let d(j) = -89*j + 170. Let p be d(5). Let a = 278 + p. Let b(f) = -f**2 + 1. Calculate b(a).
-8
Suppose 0 = 5*c - 33 + 3. Let i(y) be the third derivative of -y**6/120 + 7*y**5/60 - 7*y**4/24 - 7*y**3/6 - 15*y**2. Calculate i(c).
-13
Let o(n) = -5*n + 72. Let x(s) = 1014*s + 16. Let f be x(0). Calculate o(f).
-8
Let f(u) = 7*u - 21. Let l be ((-4)/(-10) + (-106)/90)/((-11)/99). What is f(l)?
28
Let j(d) = 5*d**2 + 320779 + 38*d - 4*d**2 + 3*d**2 - 320754. What is j(-9)?
7
Let o(v) be the first derivative of v**4/4 + v**3 - v**2/2 - 2. Let a be (-51)/12 + 4 + 35/28. Let k be (-2 + a)*6/(-3). Calculate o(k).
18
Let i(m) = -10*m + 106. Let r(q) = 13*q + 607. Let b be r(-46). Determine i(b).
16
Let t(g) = g**3 + 3*g - 11. Let j be ((-2)/2)/(7/17) - (-172)/(-301). Calculate t(j).
-47
Let k(d) = -d**3 - 7*d**2 + 20*d - 13. Suppose 5*t = -5*v + 11 - 76, 0 = -12*t - 4*v - 124. Determine k(t).
-31
Let a(l) = -4*l - 4. Let b be a(-1). Let n(j) be the second derivative of j**4/12 - 20*j**2 - 5*j + 5. Determine n(b).
-40
Let o(r) = -6225 + 3122 - 3*r - r**2 + 3104. What is o(-9)?
-53
Let k(a) be the second derivative of a**5/20 - 5*a**4/6 + 14*a**3/3 - 8*a**2 + 5449*a. What is k(4)?
0
Let i(n) = -19*n**2 - 2*n + 2*n**2 + 25*n**2 + 8 - 9*n**2. What is i(0)?
8
Let s(j) = -2*j - 11. Suppose 5*q = 10*q - 7*q - q. Determine s(q).
-11
Suppose -2*a + 9*a + 17 = 80. Let q(n) = -n**2 + 6*n + 17. Determine q(a).
-10
Let i(b) = -14*b**2 - 7. Let q(g) = -15*g**2 - 6. Let u(w) = -6*i(w) + 7*q(w). Let c(m) = -4*m - 1. Let v be c(0). Calculate u(v).
-21
Suppose 46 = r - 3*j, -5*r + 2*j + 225 - 21 = 0. Suppose i - 6 = 3*h, 63*i - r = 59*i - 4*h. Let s(f) = f**3 - 8*f**2 - 10*f + 4. What is s(i)?
-5
Let g(a) = 3*a - 12. Suppose 20 = 5*u + 2*o, 0*o - 9 = -4*u - 3*o. Let s be g(u). Let l(b) = 0 + 2 + s*b + 0 - b**2 - b. What is l(4)?
6
Let d(w) be the second derivative of -w**5/20 + 25*w**3/6 + 3*w**2 - 231*w - 3. Calculate d(5).
6
Let i = -115 - -120. Suppose -3 = i*b - 33. Let k(s) = 11*s**2 - 15*s + 15. Let z(j) = -4*j**2 + 5*j - 5. Let a(v) = -3*k(v) - 8*z(v). What is a(b)?
-11
Let s(r) be the first derivative of -4*r**3/3 - r**2/2 + r - 474. Suppose 0 + 2 = 2*l. Give s(l).
-4
Let t(z) = -2*z**3 - 6*z**2 + 15*z + 9. Let m be 3/(21 + 957/(-44)). Determine t(m).
-19
Let n(k) = 20*k**3 + 15*k**2 + 21*k. Let m(p) = 46*p**2 + 51*p**2 + 11*p + 49*p**2 - 138*p**2 + 11*p**3. Let x(z) = -11*m(z) + 6*n(z). Determine x(4).
-12
Let g(m) = 259*m - m**2 - m**2 - 267*m + 2*m**2 - 2*m**2 - 4. Calculate g(-3).
2
Suppose 11*p + 9 = 10*p. Let z(v) be the second derivative of -v**5/20 - 5*v**4/6 - 11*v**3/6 + 7*v**2/2 + 569*v - 2. Determine z(p).
25
Let j(t) = -9*t + 8*t**2 - 654 - t**3 + 3*t + 656. Let m(z) = -z**3 + 9*z**2 - 7*z + 3. Let k(g) = 4*j(g) - 3*m(g). Give k(4).
3
Suppose 37*f + 104 = 11*f. Let x(q) = -q**3 - 6*q**2 - 2*q + 4. Give x(f).
-20
Let o(r) be the third derivative of -19*r**4/24 - 5*r**3/6 - 331*r**2. Give o(-2).
33
Suppose 39*c - 25*c = 630. Let a(v) = -93 + 58 - 2*v + c. Give a(6).
-2
Let j(t) = 2*t**3 + t**2 + t + 1. Let q be (-351)/(-45) + (4/(-5) - -1). Suppose 20 = -12*o + q. Give j(o).
-1
Let f(u) = -4*u - 10*u - 3 + 84*u**2 + 75*u**2 + 13*u - 150*u**2. Calculate f(2).
31
Let d(f) = 14*f - 4*f - 79 - 15*f + f + 6*f. Determine d(7).
-65
Suppose 0 = -90*w + 57 - 867. Let p(u) = u**3 + 8*u**2 - 6*u + 31. What is p(w)?
4
Let g be (-2)/9 - (1240/90 + -8). Let i(s) = 7*s + 33. Determine i(g).
-9
Suppose 10*z = 33 + 157. Let t(s) = z*s + 28*s - 